 2
10110011010000111001
-1cfca (base 16) to base 9
-200772
What is -1102101222001 (base 3) in base 14?
-1596c3
Convert -3401130 (base 5) to base 8.
-164224
Convert -3153441 (base 7) to base 4.
-1131200211
114573 (base 9) to base 5
4201442
-22333433 (base 5) to base 16
-30a4b
Convert 12010102011001 (base 3) to base 4.
22121020132
What is 21323103010 (base 4) in base 15?
36603a
Convert 1012022120 (base 3) to base 15.
6ea9
Convert 141736 (base 10) to base 2.
100010100110101000
What is -163136 (base 15) in base 3?
-2000112121020
-4042312410 (base 5) to base 10
-8166605
What is -256345610 (base 7) in base 13?
-3529889
Convert -216503 (base 14) to base 10.
-1131511
-33012202 (base 5) to base 12
-117369
Convert -1a892 (base 12) to base 9.
-58782
111200111212 (base 3) to base 10
269375
What is -10110010111101101010001 (base 2) in base 3?
-102000221021022
-10543810 (base 9) to base 2
-10011011110111001100110
Convert b63b30 (base 13) to base 11.
2452735
Convert -141205 (base 11) to base 10.
-221193
Convert a2538 (base 12) to base 14.
5716c
Convert -22863d (base 15) to base 14.
-30ca36
2c88b (base 14) to base 15
23051
What is 2528544 (base 9) in base 15?
1c3251
Convert 704452 (base 9) to base 12.
181132
What is -30132540 (base 6) in base 8?
-3200214
Convert 6545636 (base 7) to base 14.
16c18d
What is -1030133020 (base 4) in base 13?
-ac7a1
What is -494944 (base 16) in base 2?
-10010010100100101000100
1673364 (base 8) to base 15
99e39
Convert -50d98 (base 15) to base 11.
-165533
Convert 223302421 (base 5) to base 7.
11310166
What is 30961a (base 11) in base 7?
4133466
11100111 (base 5) to base 9
156833
Convert 6aab62 (base 12) to base 14.
32a7c6
-11021020220010 (base 3) to base 9
-4236803
What is 84065 (base 13) in base 6?
5030515
What is 12601886 (base 9) in base 16?
5ea100
1022101111201221 (base 3) to base 5
14303313110
What is 10363325 (base 7) in base 3?
1200012020212
What is -153605 (base 11) in base 3?
-110010211010
45b44a (base 13) to base 6
55232122
What is -56966 (base 11) in base 3?
-11011222002
3587514 (base 9) to base 8
7333671
10303030133 (base 4) to base 5
310231041
Convert 117205 (base 10) to base 8.
344725
Convert 2195 (base 14) to base 7.
22645
Convert -4d462 (base 16) to base 9.
-532152
Convert 20212222 (base 3) to base 7.
20432
Convert 256141050 (base 7) to base 14.
2265560
Convert -1150066 (base 7) to base 3.
-21102222021
-23655455 (base 9) to base 11
-657a7a4
Convert -621131 (base 8) to base 3.
-101102202110
-b5467 (base 13) to base 15
-6687c
What is 724c60 (base 15) in base 11?
3081021
-1201521 (base 6) to base 12
-302a1
Convert 52556 (base 14) to base 12.
96b40
Convert -6b034 (base 13) to base 10.
-195576
Convert 24242056 (base 8) to base 14.
9c8cb4
9d960 (base 14) to base 15
7885e
What is -13055217 (base 8) in base 13?
-7aa0a6
Convert -10140536 (base 7) to base 9.
-1535255
What is -432bf (base 16) in base 5?
-32301020
1022012011112 (base 3) to base 12
294a28
Convert 3a067 (base 12) to base 3.
11001010221
Convert -3142042 (base 7) to base 3.
-201022100211
220122210001 (base 3) to base 7
4061011
-321163 (base 7) to base 11
-38900
Convert 294930 (base 10) to base 11.
191649
Convert 2b947c (base 16) to base 14.
544ba4
160885 (base 11) to base 16
3d066
Convert -100011011010010000001 (base 2) to base 12.
-47b595
-2330103 (base 6) to base 4
-131123313
12551555 (base 7) to base 13
315c44
2eb97 (base 15) to base 9
250257
What is -101111101100101001000 (base 2) in base 7?
-16166466
What is -9d556 (base 16) in base 7?
-5322554
What is -3253240 (base 6) in base 12?
-7a220
Convert 245115 (base 9) to base 12.
71842
Convert -200210110102110 (base 3) to base 6.
-554030150
766cc (base 13) to base 11
137000
Convert 474000 (base 9) to base 16.
4596f
What is -11101022 (base 5) in base 10?
-97012
-195b45 (base 14) to base 6
-31140213
Convert -c0339 (base 14) to base 5.
-104233011
Convert 97415 (base 10) to base 11.
6720a
Convert -1111010101101110 (base 2) to base 12.
-3043a
2412202242 (base 5) to base 12
1a53a75
Convert -70be6 (base 15) to base 2.
-1010111001011001010
-21332356 (base 9) to base 5
-10113432321
What is 67187 (base 9) in base 14?
1239b
-341178 (base 9) to base 3
-101101012122
What is -4435343 (base 7) in base 2?
-10000101100001101000
-57a8a9 (base 11) to base 5
-214002024
46638b (base 12) to base 6
40122255
Convert 321027 (base 8) to base 16.
1a217
What is 11160066 (base 7) in base 16?
ed6a5
What is 2172182 (base 9) in base 11?
729706
23230312 (base 4) to base 11
3300a
What is 101110010011010 (base 2) in base 3?
1012112000
Convert -32101300 (base 4) to base 11.
-3aa34
611073 (base 9) to base 4
1120102302
What is -585024 (base 10) in base 6?
-20312240
Convert 188ca5 (base 13) to base 15.
c3865
Convert -13635136 (base 7) to base 11.
-7a9488
-111011101100100101 (base 2) to base 5
-30311032
Convert 1134502 (base 6) to base 2.
1110011111100110
What is 230374 (base 8) in base 7?
443425
Convert 409d77 (base 14) to base 2.
1000010011111001010101
Convert -1232225345 (base 6) to base 8.
-66710241
What is -34112314 (base 5) in base 7?
-2362301
-13163053 (base 7) to base 9
-2242107
12653646 (base 9) to base 13
13a4357
Convert c61719 (base 15) to base 13.
1c4b2b7
What is -33112322032 (base 4) in base 14?
-76b2b4
What is 235711 (base 9) in base 6?
3013231
Convert 53111 (base 6) to base 10.
7171
Convert 589044 (base 14) to base 5.
1233134304
-214947 (base 10) to base 16
-347a3
Convert -1b01b8 (base 14) to base 13.
-2783c6
-25546775 (base 9) to base 8
-57677011
What is -11301021 (base 4) in base 2?
-101110001001001
What is -2430474 (base 8) in base 12?
-282678
2102100202 (base 3) to base 15
e1b8
What is -165761 (base 14) in base 11?
-495720
What is -2302222 (base 6) in base 15?
-24aa8
Convert 30373634 (base 8) to base 13.
143a455
Convert -31032 (base 8) to base 5.
-402301
4120121 (base 5) to base 8
202537
Convert 202101201101 (base 3) to base 14.
a6449
What is 38a343 (base 12) in base 10?
930147
What is 7117645 (base 10) in base 9?
14347514
Convert 4a052a (base 12) to base 7.
13141402
What is -1285290 (base 10) in base 9?
-2368070
What is -a04429 (base 12) in base 4?
-21201111201
4844 (base 9) to base 11
2787
What is 9c072 (base 15) in base 14?
ccbb2
5154234 (base 6) to base 5
30422434
What is 111202212221 (base 3) in base 5?
32133410
What is -5543003 (base 6) in base 5?
-32343440
Convert 1001000001001010 (base 2) to base 16.
904a
What is -24574 (base 9) in base 5?
-1012020
Convert 340553 (base 6) to base 5.
1404400
What is -14350132 (base 6) in base 5?
-111341144
What is -110020201100011 (base 3) in base 4?
-120311032300
What is 11c7a2 (base 13) in base 6?
13055153
-1110010010010100010 (base 2) to base 10
-468130
Convert -6427325 (base 10) to base 13.
-1440668
Convert 263410 (base 8) to base 13.
32ab2
10871a8 (base 13) to base 15
6a27a8
What is -235b3 (base 15) in base 9?
-181486
-159825 (base 10) to base 16
-27051
Convert -297708 (base 15) to base 10.
-1999583
-631667 (base 9) to base 13
-101a58
-3022123323 (base 5) to base 9
-12343345
What is -1142044 (base 5) in base 7?
-116516
-1300211203 (base 4) to base 11
-295522
-12513023 (base 6) to base 10
-414087
What is 6ab726 (base 12) in base 10?
1720398
Convert 1022341 (base 7) to base 12.
5b441
What is -848807 (base 11) in base 15?
-1bc830
300222201 (base 4) to base 16
30aa1
What is 2331300 (base 5) in base 13?
16588
Convert 4788214 (base 9) to base 16.
27a2e2
Convert 4221417 (base 8) to base 4.
10102030033
Convert 3264277 (base 8) to base 15.
1255a8
Convert -8655132 (base 9) to base 3.
-22201212011002
What is 210002420 (base 6) in base 3?
20211220210210
What is -1110220001 (base 3) in base 4?
-13012120
-677402 (base 9) to base 10
-405650
Convert 304636 (base 8) to base 15.
1eccb
Convert 483c47 (base 13) to base 9.
3214538
-21741213 (base 8) to base 12
-16a968b
-ad1c15 (base 14) to base 10
-5882763
-15424 (base 7) to base 8
-10352
-122212002021 (base 3) to base 4
-1111303033
Convert -42d9b (base 15) to base 5.
-23243241
-773059 (base 10) to base 14
-161a27
1650964 (base 11) to base 15
3a83c1
-e3538 (base 15) to base 10
-720053
What is 1003233 (base 6) in base 15?
e09c
Convert -527c (base 15) to base 8.
-42042
What is 490b3 (base 12) in base 15?
1e356
What is -133144b (base 12) in base 2?
-1110011111